he value of 31 + (-12 - (1 - (-5 - -5 - -14)))?
32
Calculate (-59 - (-61 + -34 + 34)) + (2 + -1 - -57).
60
Calculate 94 + -113 + (6 - -5) - 10.
-18
What is (-13 - -25) + -12 - (20 - 44)?
24
What is the value of -23 + (-19 - (-18 + 7 - 0))?
-31
What is (139 - 224) + -1 + -6 + 7 + -22?
-107
What is 3 + (-6 + -4 - (-18 - -37 - 8))?
-18
(4 - -2) + 10 + (-43 - -40) - 104
-91
Calculate (-23 - (32 - 63)) + (8 - -17).
33
-3 - (2 - 4) - (-57 - -60) - -18
14
-2 - (3 + (-13 + 1 - (-131 - -112)) + 100)
-112
Calculate (-55 - -31) + (1 + (-9 - -1) - 3).
-34
Evaluate -22 + 77 + 2 - 64.
-7
What is (7 + -51 - -39 - 4) + -61?
-70
What is the value of -11215 - -11304 - (42 + (-2 - -1))?
48
What is the value of -18 + -1 + 3 + 0 + (-100 - (-174 + 67))?
-9
What is the value of 6 + (-181 + 181 - ((8 - 7) + (-1 - -81)))?
-75
14 + -5 + -63 + 96
42
What is the value of (2 + 1 + 0 - (2 - -13)) + 7 - 9?
-14
What is 54 + (-7 - (3 - 10)) + -90 + 95?
59
(-10 - (10 + -21) - (-5 + 3)) + (100 - 8)
95
Calculate 0 - 43 - ((3 - 1 - -5) + (1412 - 1409)).
-53
30 + -3 + 3 - ((-11 - -51) + -49)
39
Calculate 34 + (24 - 78) + 0.
-20
What is (75 - 35) + -9 + -18 - (0 - 33)?
46
What is -18 + (12 - (4 - -5)) + 6 + -2?
-11
-234 + (121 + -219 - -178)
-154
What is the value of -43 + 104 + -109 + (3 - 5) + 1 + 4?
-45
Calculate -42 + 45 - (2 + -31 + 25).
7
What is -134 - (12 + (36 - 143))?
-39
What is the value of -2 + -1 - -13 - ((-18 - (27 + -42)) + 105)?
-92
What is the value of -2 + 2094 + -2077 + 1 + -105 + 1?
-88
What is the value of -11 + (-4 - -22) - (5 - -30)?
-28
What is the value of 113 - (-86 - -256) - -48?
-9
20 + (4 - 4) - (-1813 + 1821)
12
16 - (10 - (-78 - (-1 + -31)))
-40
What is the value of 33 + (-20 - (1 + -9)) - 9?
12
Evaluate -11 - (38 + -36 + (-1 - -19)).
-31
What is the value of (10 - (-8 - -4) - (-5 + 5)) + 30 + -117?
-73
Evaluate -7 + ((-13 - -10) + -9 - -54).
35
What is the value of 4 + 119 + 12 + -45?
90
(2283 - 2328) + (2 - 5 - 1 - -3)
-46
-129 - (102 + (113 - 244))
-100
Evaluate 44 + -4 + -4 + (14 + 6 - 12) + -2.
42
Evaluate -425 + 565 - (18 + 143).
-21
What is the value of -13 + 31 + 1 + -3 + -7?
9
Calculate (-54 - -91 - 119) + 34.
-48
What is (34 - (13 + 41)) + 1 + 36?
17
Calculate -45 + (-57 + -8 - -92).
-18
-22 + -13 + -16 + (10 - -15)
-26
Calculate (12 - (-64 + 92)) + (7 - 1).
-10
What is the value of -176 - -158 - (-4 - (15 - 4))?
-3
What is -39 - 3 - (67 + -42) - (0 - 16)?
-51
What is the value of (-2 - (-23 + 46)) + 0 - 30?
-55
-31 + (34 - (37 - 26))
-8
-47 + 449 + -504 + -2 + 27
-77
Calculate (-3 - (78 + 5)) + 25.
-61
Evaluate -177 - (-267 + 35) - (15 - (0 - -1)).
41
Evaluate (12 - (-3 + 9 + 33)) + (-65 - -87).
-5
17 + (-9 - 0 - (-47 + 50)) + (29 - 25)
9
(169 - 81) + (-145 - 11)
-68
Calculate 63 - 51 - (5 - 7 - (10 - -1 - 4)).
21
-59 + 76 - (4 + 13) - (-1 - -10) - 42
-51
Calculate 43 + (-59 - 106) - ((-3 - -2) + 23).
-144
What is the value of -42 - (83 - (33 - -25))?
-67
What is 25 + -46 - 1 - 0?
-22
Evaluate 39 - (-79 - -20 - 10).
108
What is the value of -35 + 43 - (-8 + 15 + 33)?
-32
-2 + -14 + (15 + -21 - 13 - -60)
25
What is (1 - 25) + (58 - 108) + 46?
-28
(-2 - (-41 + 28 + 37)) + 0 + (2 - 2)
-26
What is the value of -3 - (-12 + 7 + -10) - 46?
-34
Evaluate 18 + (-90 - (28 - 60)).
-40
Calculate -6 + 2 + (3 - (4 - (14 - 26))).
-17
Calculate -28 + 47 + -52 - (4 + -72).
35
Evaluate 7 - 10 - -28 - (-16 - 1).
42
Evaluate -3 + 8 + (-1 - -12 - (-16 + -13 + 35)).
10
3 + -1 + (-1 - 43 - (347 - 398))
9
What is the value of (-22 + 20 - (84 - -11)) + 15?
-82
Calculate 16 + -5 + 4 - 2 - (119 - 128) - -6.
28
Calculate -20 - 16 - -12 - -16.
-8
Calculate (20 - 130) + 53 + -25 - -5.
-77
What is the value of 19 + (-74 - (2 + 25 + -29))?
-53
What is 22 + (0 - -7 - 3 - 7 - -9 - -2)?
30
What is -63 + -5 + -10 + 79?
1
Evaluate 1 + -28 - (18 + -5 - (13 - 8) - 9).
-26
Calculate -48 + 53 + -12 - 26.
-33
Calculate (-9 - 43) + 33 + 21 + 1.
3
What is (4 - 103) + -30 + 17 + 17 + -17?
-112
Calculate 88 + 0 + -1 - (-6 + -87 + 101).
79
-35 - (-33 + (8 - (-15 + 7)) + 30)
-48
What is the value of -2 - (3 + -36 - (11 + 2) - -7)?
37
Evaluate (51 - (-44 - -8)) + -43.
44
Evaluate -457 + 102 - -129 - -115.
-111
What is the value of (573 - 659 - (-20 + (1 - -1))) + (13 - 4)?
-59
Calculate 4 + -6 + -6 - (7 + -55 + 15).
25
What is the value of -4 - -24 - (-20 - -69 - -42)?
-71
What is the value of -67 - (-35 - (-47 + 34)) - -29?
-16
Evaluate (-26 - -18) + 13 + -1 + -45.
-41
What is 58 - (-11 - (-10 - -17 - 15)) - 13?
48
(-13 - -10 - (4 + 3 - 7 - 13)) + 8
18
(37 - 29) + (13 + -13 - -7) + 52
67
(55 + -46 - 30) + -24
-45
What is -18 + -35 + -24 + 33?
-44
Evaluate 10 - 4 - (2 + 26 + -6).
-16
Calculate 1 - -2 - (24 - (24 + 2)).
5
5 - (-1 + 17 + 129 + (-172 - -19))
13
What is -1479 - -1663 - (92 + 4)?
88
Calculate -20 + 8 + 0 + 56 + -10.
34
What is -42 - (33 + (-23 - -2) + (-2 - -2) + -6)?
-48
What is -562 + 592 - (-1 - -49)?
-18
Calculate 0 - 2 - (930 - 934).
2
-5 + -1 + (2196 - 2136)
54
-11 + 2 + (41 + (8 - -4 - 5) - -13)
52
What is the value of 14 + -20 + 17 + -21 + -21?
-31
Evaluate -163 - -64 - -29 - -46.
-24
Evaluate 28 - 71 - (-1 + -15 + 5) - (-15 - -25).
-42
What is the value of (9 - 9) + (0 - 17) + -51 + 12?
-56
Evaluate 193 + -85 + -156 - (28 + -2).
-74
What is 6 - -1 - 1 - (-240 + 252) - (-146 - 6)?
146
22 + 5 + -69 + -16
-58
What is the value of (-6 - (4 - (4 + -3))) + (11 - (6 + -18))?
14
(3331 - 3219) + -91 + 1
22
What is 6 + (2 - 4) + 2 + -5 + 4 - 4?
1
-61 + 96 + -84 - -26
-23
Evaluate 0 - -7 - 65 - ((8 - (15 + -9)) + -7).
-53
What is the value of 22 + -20 + 5 + -6 + -5 + -4 - 90?
-98
Evaluate (57 - (-39 + 172)) + 15 + (-4 - -6).
-59
-3 + 40 + (-46 - 18)
-27
(67 - 19) + -38 + (9 - 2) + -80
-63
Calculate (-11 - (-2 + -1)) + (124 - 114).
2
Evaluate -6 - (-2 + 0 + -2 + 3 + -4 + -24).
23
-1 + (4 - 29) + (155 - 205)
-76
Evaluate (22 - 9) + -42 - (-3 + -118).
92
295 + -252 + 16 + 9
68
Calculate -10 + (-710 + 685 - ((-1 - -1) + -1 + -11)).
-23
What is 2452 + -2496 - (15 + 2)?
-61
What is -18 + (-38 - -29) - -56?
29
Calculate 4 + -3 + 10 + 6 + (-80 - -94).
31
Calculate (-102 - (-136 - 51)) + 1 + 3.
89
(41 - 25) + 28 - (-6 + 3 + -10)
57
What is the value of (-6 - 0 - (1016 - 1029)) + -1?
6
What is the value of -4 + 47 + 0 + 41 + -13?
71
What is 17 + 1 + -4 + 27 + (20 - 10) + -39?
12
Evaluate 14 - (((4 - 9) + -10 - -9) + (98 - 0)).
-78
Evaluate (-5 - -20) + (-16 - (21 - (39 - 21))).
-4
Evaluate 1185 - 1170 - (51 - 6).
-30
Calculate 5 + 98 + (7 + -17 - -14) + -10.
97
Evaluate -12 - (2 - (-6 - (24 + -16) - 22)).
-50
Calculate (250 - 235) + -49 - (-4 + -1).
-29
What is 52 + (-124 - -104) + 24?
56
What is -1013 + 1044 - (7 + -3 + 5)?
22
Calculate -6 + -2 - (-1888 - -1900) - (-5 + 1).
-16
Evaluate 8 + -5 - ((-31 - -16) + (98 - 4) + -13).
-63
14 - (-221 + 174 - (2 + 1 - 6))
58
Calculate -21 - (15 - (-76 + (-19 + 24 - -15))).
-92
What is -73 + (-1 - -4 - (7 + -14 + 9)) + 7?
-65
What is (-28 + -6 - (6 + -24)) + 102 + 0?
86
What is the value of 53 + 2 + -111 + 95 + -30?
9
Evaluate 32 + (-13 - 23 - -9) + (-98 - -1) - -3.
-89
What is (7 - 6) + 7 + 2 + -1 - (88 - 132)?
53
Calculate (1 - 50) + (10 - -15) + 0 + -11 + -6.
-41
What is -763 + 764 + (9 - 0)?
10
4281 + -4254 - (24 + 0)
3
Evaluate (9 + -28 - -72) + -5.
48
Calculate (-65 - -63) + -16 - 30.
-48
0 + -12 + 36 - (-3 + 9) - -6
24
Evaluate 96 + -63 - -36 - 51.
18
What is the value of 4 + -8 - (-15 + -2 + -7) - (-2 - 9)?
31
Evaluate -2 + 3 + -4 - (-132 - -189).
-60
21 - 0 - (-7999 + 7969)
51
What is 64 + (-5 + 1 - -24 - (-171 - -185))?
70
Evaluate 17 + -6 - (9 - -32 - 36).
6
Calculate 63 - ((-17 - -24 - 11) + -14 + 7).
74
What is -5 + (5 + (-1 - -4) - (-50 + 50))?
3
What is the value of 17954 + -17902 - (-2 - (-3 - -49))?
100
Evaluate 71 + (43 - 136 - -57).
35
Evaluate -36 + 21 + -3 + 17 + 0.
-1
What is the value of 66 + 35 - 252 - -106?
-45
What is -16 + (-2416 - -2421) + (-1 - -6) + 0?
-6
What is the value of 84 - (92 - 68) - (5 - 0)?
55
-10 - (40 + -44 + (18 - -3))
-27
-4 - 0 - (-2392 - -2356)
32
What is (51 - -2) + (-3 - 16) + (1 - -20 - 10)?
45
21 - (0 - 20 - (-20 - 18 - -92))
95
Evaluate (-66 + 2 - -31) + 11.
-22
Evaluate (0 + 9 - 3) + 36 - -9.
51
What is 19 - (0 - 8) - (-278 - -307)?
-2
Calculate 106 - 124 - (-12 + 4 - (5 - -1)).
-4
Calculate